tor of 1015 and h.
35
Suppose -j = 33*v - 28*v - 1113, 5*j = -4*v + 5460. What is the highest common factor of j and 40?
8
Suppose 0 = -5*r + 894 - 179. Let f = 90 + r. Suppose 5*w - 1783 = -f. What is the highest common divisor of 31 and w?
31
Suppose -498*t = -524*t + 832. What is the greatest common factor of t and 3248?
16
Suppose 555*a - 536*a - 25004 = 0. Calculate the greatest common factor of a and 140.
28
Let h = 61 - 54. Suppose 4*b + 15 = h*b. Suppose -5*r = -4*n + n - 50, 2*n - 25 = -b*r. Calculate the greatest common divisor of r and 77.
7
Let u = -310 - -475. Let m = -115812 - -115845. Calculate the greatest common divisor of u and m.
33
Let y be 4*162/48 + 1/2. Let x = -53 - -235. Calculate the highest common divisor of y and x.
14
Let p(a) = 0*a + 6*a + 13 - 5 - 12. Let d be p(7). Calculate the highest common divisor of 418 and d.
38
Suppose -4*b + 402 = -4*o + 366, 0 = -4*b + 3*o + 28. Suppose -4*i = 4 - 16. Suppose -w - i*w = -8. What is the greatest common divisor of b and w?
1
Let z be (2 + (-20 - 0))/((-5)/(-15)). Let p be ((-13)/(-3))/(4 - (-210)/z). Let q = -19 + p. Calculate the greatest common divisor of 50 and q.
10
Let j(p) = 13*p**2 - 11*p - 32. Let n be j(-2). What is the greatest common divisor of 10752 and n?
42
Suppose 642 = -117*r + 5572 - 250. What is the highest common factor of r and 776?
8
Suppose -128 = -2*o + 4*x, o - 1 = -2*x + 63. Suppose 2*n + 6*n - o = 0. What is the highest common divisor of 8 and n?
8
Let f = -10964 + 12731. What is the greatest common divisor of f and 651?
93
Let t(z) = z**2 - 3*z - 25. Let f be t(-5). Suppose f*o = 17*o - 14. Let v = 14 - -7. Calculate the highest common factor of o and v.
7
Let f(j) = 20 + j - 7*j + 10*j - 4*j**3 + 2*j**3. Let c be f(-3). What is the greatest common factor of 341 and c?
31
Suppose -4*u - 22*k + 277942 = -24*k, 3*u + 5*k = 208437. What is the highest common divisor of u and 116?
116
Let n = -6003 - -6031. Calculate the greatest common factor of 3262 and n.
14
Suppose 5*n - 16*u - 5230 = -21*u, 0 = -5*n - 4*u + 5228. Calculate the greatest common divisor of n and 1972.
116
Let g = 2 + -132. Let f = -3098 - -3028. Let n = f - g. Calculate the highest common factor of 15 and n.
15
Let u = -4068 - -5937. Calculate the greatest common factor of 42 and u.
21
Suppose 3*s = -d + 9181, -5*s = -1580*d + 1584*d - 15304. Calculate the highest common divisor of 20 and s.
20
Let o = -1918 + 2110. What is the greatest common factor of o and 228?
12
Let q(h) = -2*h + 6. Let m be q(5). Suppose -189 = 44*s + 75. Let d be (s/m)/(48/640). What is the greatest common divisor of d and 4?
4
Let u = -4354 - -4458. Let s = -6 - -10. Suppose -s*g = -g + 3*k - 45, 0 = 5*k - 10. What is the greatest common divisor of g and u?
13
Let o be (3/3)/(-2)*0. Let g be (o - 1) + (-156)/(-2). Let p be ((-473)/(-215))/(-3 + (-31)/(-10)). What is the greatest common factor of g and p?
11
Let p be ((-4)/(-3))/((-217)/(-9114)). Calculate the highest common divisor of p and 2184.
56
Suppose 8*y - 695 = 41. Suppose y = 3*o + 2*i - 3*i, 0 = -4*i - 8. What is the greatest common divisor of o and 60?
30
Let j(r) be the first derivative of r**4/4 + 14*r**3/3 + 8*r**2 - 45*r - 58. Let d be j(-10). Calculate the greatest common factor of 15 and d.
15
Suppose 2*q - 10*l + 15*l - 213 = 0, 8*q + 4*l - 804 = 0. What is the highest common divisor of 1716 and q?
33
Suppose 6*q + 161 = 413. Suppose 0 = 2*c + 3*f - 14, 0 = 3*c - 5*f - q + 2. Let d be (1 - -11) + 1 + -3. What is the greatest common factor of c and d?
10
Suppose 10 = -6*k + 10*k - 2*r, -r + 5 = 0. Suppose k*y + 376 = t, -5*t - 5*y + 2000 = -0*t. What is the highest common divisor of t and 72?
36
Let i be ((-2145)/(-9))/((-640)/(-1536)). What is the greatest common divisor of i and 748?
44
Suppose -2*z + 3*n + 3 = 0, 29*n = 3*z + 31*n - 37. Suppose 0 = h + 2*o - 89, z*o + 360 = 4*h + 13*o. What is the greatest common factor of h and 78?
13
Suppose -10*x = -1529 - 1811. Suppose -332*r - 30 = -x*r. What is the highest common factor of 1815 and r?
15
Let a(m) = 32*m - 2. Let f be a(7). Let p(z) = 12053*z + 84377. Let n be p(-7). Calculate the highest common factor of f and n.
6
Suppose 2 = 2*s + 2*h, 0 = 3*s - 39*h + 41*h + 1. Let f be (10 + -15)*1*s*1. Let m be 1/(-3) - (-272)/6. What is the greatest common divisor of f and m?
15
Let i(c) = 3*c**2 + 49*c - 6168. Let s be i(-72). What is the greatest common divisor of 183 and s?
183
Suppose -61*b + 44*b - 800 = -42*b. What is the greatest common divisor of b and 1968?
16
Let i(q) = 77*q**3 - 4*q**2 + 30*q - 85. Let f be i(3). What is the highest common factor of 128 and f?
128
Suppose -f + 48 = -2*g - 47, 0 = -5*f + 5*g + 465. Let p = f - 52. Let n = p + -24. What is the highest common divisor of 15 and n?
15
Suppose 4*b + 198 = -198. Let h = 352 + b. Suppose 37*f - 37 - 216 = 26*f. Calculate the greatest common factor of f and h.
23
Let g be (-12)/2*(-31 - 1). Let k be 12 + -12 + (0 - -26). Suppose k*p = 21*p + 60. Calculate the greatest common divisor of p and g.
12
Suppose -3*h + 4*g = -4, g = -4*g + 10. Let b be ((-12)/3 - -5)*h*3. What is the greatest common factor of b and 8?
4
Let s(q) = q**2 - q + 10. Let p be s(15). Suppose 350 + p = 5*v. What is the highest common factor of 190 and v?
38
Let j = 62 + -46. Suppose -3*v = -3*l + 204, 4*l + 2*v = 3*l + 56. What is the highest common divisor of j and l?
16
Let b = -34 + 476. Let g = 463 - b. Calculate the highest common divisor of g and 273.
21
Suppose -5*q + 165 = -5*v, 4*q - 3*v - 132 = -4*v. Suppose -2*m = -3*x - 30, -5*m + 43*x + 29 = 47*x. What is the greatest common factor of m and q?
3
Let i(d) = d**2 - 11*d + 1. Let b be i(12). Let g be (30/55)/(-3) - 222/(-11). Suppose g*f - 221 = 3*f. Calculate the greatest common divisor of b and f.
13
Let s(r) = -8*r + 6. Let j be s(-6). Suppose -920*c = -905*c - 810. What is the greatest common divisor of j and c?
54
Let s be (1968/(-15) + 13)*(-4 - (-1 + 62)). Calculate the highest common divisor of 39 and s.
39
Let k = -38 - -38. Suppose k = 14*g - 6*g - 240. What is the greatest common factor of 15 and g?
15
Suppose -525 = -28*g + 707. Suppose -4*w = g - 692. Calculate the greatest common divisor of w and 6.
6
Let w(p) = -83*p + 564. Let n be w(-17). Calculate the highest common factor of n and 79.
79
Let v(h) = 651*h + 3094. Let y be v(-4). Calculate the highest common divisor of 20 and y.
10
Suppose -5*y - 34*o + 32*o + 442 = 0, 4*y - 3*o - 349 = 0. Calculate the highest common factor of 594 and y.
22
Let a(s) = 25*s + 2 + 1 + 4 - 8*s + 5. Let h be a(4). What is the highest common divisor of 1360 and h?
80
Let m(a) = 15*a - 8. Let g be m(6). Let w = 6229 - 6065. What is the highest common factor of g and w?
82
Let i = -64 + 151. Suppose 3*k = 2*h + 17 - i, 0 = h - 2*k - 35. Calculate the highest common divisor of h and 10.
5
Suppose 10*t = -3*a + 5*t + 10, -a - 3*t - 2 = 0. Let y = -138 - -223. Calculate the greatest common divisor of y and a.
5
Suppose -12*z + 2634 = 4*t - 10*z, -t + 6*z + 639 = 0. What is the greatest common divisor of t and 511?
73
Suppose -4556 = -126*p - 8*p. Let t(v) = v**2 - 6*v + 10. Let n be t(7). What is the greatest common divisor of p and n?
17
Let p(f) = 2*f**2 - 185*f + 2182. Let t be p(13). Calculate the highest common divisor of t and 1127.
23
Let a(j) = j**3 - 14*j**2 - 61*j + 1202. Let t be a(25). Calculate the greatest common divisor of 182 and t.
182
Let g(n) = -13*n - 438. Let r be g(-34). Calculate the greatest common factor of r and 19.
1
Suppose -2*o - 3*b = 13 - 64, -5*b + 65 = 2*o. Suppose -s + 36 + 83 = 5*w, -w - s = -23. Calculate the highest common divisor of w and o.
3
Suppose -480 = 9*m + 105. Let i = -35 - m. Calculate the greatest common divisor of i and 150.
30
Suppose 5*j + 3*u = -0*u - 8, -4*u - 9 = 5*j. Let a be (22 - j)/((-657)/66 - -10). Calculate the highest common divisor of 46 and a.
46
Let w = -60 - -67. Let y = -73 + w. Let x = y - -126. What is the highest common factor of x and 90?
30
Suppose -21*n - 122 + 6783 = -122. Calculate the highest common divisor of n and 17.
17
Suppose 8*p = 5*p + 3*l + 33, -4*p + 2*l + 50 = 0. What is the highest common factor of p and 6146?
14
Let v be ((-567)/(-315))/((-2)/(-20)). Let o be 